2621
In base 4, what is 10 - -1122312320122?
1122312320132
In base 7, what is 35431202460 - 4?
35431202453
In base 9, what is 47815 + 145?
48061
In base 16, what is 3769588 + -2?
3769586
In base 4, what is 2022213321130 - -2?
2022213321132
In base 8, what is 2133445 - 42?
2133403
In base 15, what is 2 + -3a2c5e?
-3a2c5c
In base 4, what is -110222200201 - 122?
-110222200323
In base 11, what is 271377988 + -5?
271377983
In base 11, what is -2063528 - -3?
-2063525
In base 4, what is 121 - -123232203131?
123232203312
In base 14, what is 5 - -c7d6412?
c7d6417
In base 13, what is 852 - 27131c?
-27079a
In base 2, what is 101 + 11111011011100001101000?
11111011011100001101101
In base 10, what is -2 + 2521606?
2521604
In base 10, what is 37330 + 5791?
43121
In base 2, what is 1001010100 - -100110000100?
101111011000
In base 14, what is 7d5d + 170?
80cd
In base 15, what is 10914c73 + 5?
10914c78
In base 6, what is 114555221 - 2?
114555215
In base 6, what is 440 + 423450?
424330
In base 11, what is 106a + 10a1a1?
110260
In base 12, what is -6868a0 - 9?
-6868a9
In base 7, what is -31252166 + -11?
-31252210
In base 4, what is 2022323023 + -321?
2022322102
In base 3, what is 200122120000220 - -10?
200122120001000
In base 10, what is -2576 - 268?
-2844
In base 13, what is 49 - -b3759?
b37a5
In base 9, what is 2720128 - -46?
2720175
In base 13, what is -20251c7 + 0?
-20251c7
In base 9, what is -4533866 + -6?
-4533873
In base 5, what is -3 + -11322311323?
-11322311331
In base 6, what is 2005521355 - -3?
2005521402
In base 4, what is 210202 + 103231131?
110101333
In base 13, what is 11c + -16093?
-15c74
In base 10, what is 1643 - -31540?
33183
In base 6, what is -1230410 + 30443?
-1155523
In base 11, what is -3 + -80426a93?
-80426a96
In base 15, what is -15ddae73 - 4?
-15ddae77
In base 11, what is 3181724a5 - -4?
3181724a9
In base 9, what is -8051742 + -25?
-8051767
In base 6, what is -10420 + 131412?
120552
In base 14, what is -19b06 - 85?
-19b8b
In base 5, what is 0 - -4112413211?
4112413211
In base 6, what is 1002 - -34012532?
34013534
In base 14, what is 17 - 1799?
-1782
In base 15, what is 1e64093 + -21?
1e64072
In base 3, what is -1012002012012211112 - 11?
-1012002012012211200
In base 13, what is -123 + 135c0?
1349a
In base 2, what is -10100001 - 11100110111011?
-11101001011100
In base 3, what is 222112111002 + -120202?
222111220100
In base 9, what is 32866826 - -1?
32866827
In base 14, what is 7243b - 10?
7242b
In base 3, what is -22020 - 11010002111?
-11010101201
In base 10, what is -61963001 - -1?
-61963000
In base 14, what is -3 + -273d14a?
-273d14d
In base 16, what is 3917 - -db?
39f2
In base 5, what is -33041 - -102242301?
102204210
In base 13, what is 23 + 22c68?
22c8b
In base 4, what is 1 + -3220322303211?
-3220322303210
In base 11, what is 2059 + -1213a?
-10091
In base 14, what is -3 - d8d009a?
-d8d009d
In base 8, what is 4235 - -20464?
24721
In base 15, what is -5e763 - 108?
-5e86b
In base 10, what is 1 - -31136377?
31136378
In base 8, what is -15577721 + -42?
-15577763
In base 2, what is 0 - 10101010111000100100010011?
-10101010111000100100010011
In base 11, what is -37124 - -84a?
-36385
In base 4, what is -1 - -23233010120131?
23233010120130
In base 2, what is -111011 + -1000000001000000111?
-1000000001001000010
In base 14, what is -4b35 + 2429?
-270a
In base 8, what is -36450627 + 12?
-36450615
In base 2, what is -1011001010010111110111 + 0?
-1011001010010111110111
In base 5, what is -124023 - 20002?
-144030
In base 15, what is a - 82072?
-82067
In base 11, what is 32821 - -1324?
34045
In base 15, what is baa5 + c?
bab2
In base 6, what is 4540415430 + -1?
4540415425
In base 16, what is 4 - 29d06e?
-29d06a
In base 11, what is 43a91 + 239?
4421a
In base 12, what is 62 - 4300513?
-4300471
In base 5, what is 2200012230000 - -1?
2200012230001
In base 14, what is -5803 - -c9?
-5718
In base 7, what is -4621624 + 310?
-4621314
In base 13, what is -88 - -1899?
1811
In base 10, what is 10 - 2988870?
-2988860
In base 7, what is 15164 - -561342?
606536
In base 9, what is 50636660 - 5?
50636654
In base 12, what is 227a043 - 3?
227a040
In base 5, what is -11014 - -13041142?
13030123
In base 2, what is 101010010110101000011 + 101101?
101010010110101110000
In base 9, what is 0 - -28536835?
28536835
In base 6, what is 15 - 10200311253?
-10200311234
In base 11, what is -2024555 - -10?
-2024545
In base 13, what is -285317 + 260?
-285087
In base 11, what is -333 + 2919?
2596
In base 14, what is -1910c + ba32?
-b4ba
In base 16, what is -72 - -357a0?
3572e
In base 14, what is 4 - -d416245?
d416249
In base 13, what is 172a - 9bb92?
-9a465
In base 5, what is 10034 - -3013234?
3023323
In base 8, what is 56 + 70017771?
70020047
In base 16, what is -2847 + -248?
-2a8f
In base 11, what is 2 - 3840742?
-3840740
In base 14, what is 1b3b5 - -182?
1b557
In base 14, what is -36d - -a739?
a3aa
In base 3, what is -1221201110 + -20121?
-1221222001
In base 13, what is c9855 - -308?
c9b60
In base 4, what is 122 - 212003122?
-212003000
In base 14, what is -4d63 + -29503?
-30466
In base 9, what is 23 + 1504483?
1504516
In base 9, what is 66 + -310118?
-310042
In base 5, what is 1334314 + -3333?
1330431
In base 11, what is -141 - 42768a?
-427820
In base 6, what is 131041125 + 1?
131041130
In base 13, what is 134a13 - -90?
134aa3
In base 14, what is -1b3016d6 + 1?
-1b3016d5
In base 6, what is 3050 + 20515?
24005
In base 9, what is 712 + 4216656?
4217468
In base 4, what is -113101 + 30320?
-22121
In base 5, what is -112400133314 - 4?
-112400133323
In base 5, what is -324241 + -10010?
-334301
In base 9, what is -2410 - 18772?
-22282
In base 12, what is -79a945 + -79?
-79aa02
In base 15, what is 833d09d + -1?
833d09c
In base 16, what is 16c2 - 928?
d9a
In base 15, what is -12d09b4 - 0?
-12d09b4
In base 12, what is -47454 - -84a?
-46806
In base 8, what is 455620767 - 3?
455620764
In base 9, what is 624 - -448775?
450510
In base 10, what is 16737 - 175?
16562
In base 9, what is -55680 - 81?
-55771
In base 11, what is -6 - -17022133?
17022128
In base 2, what is -11 + 101001011100001110010?
101001011100001101111
In base 13, what is c + a0c770?
a0c77c
In base 11, what is -117334 + -a7?
-117430
In base 12, what is 53 + 1111458?
11114ab
In base 12, what is 78bbb2 - 308?
78b8a6
In base 8, what is -20 - -2026565?
2026545
In base 14, what is 238544 + -1?
238543
In base 2, what is 1000010010100 + 110010010110011?
111010101000111
In base 10, what is 8 - 1064780?
-1064772
In base 14, what is 9 + 309323a?
3093245
In base 3, what is 10112001210 - -122?
10112002102
In base 9, what is -1 - 5482030?
-5482031
In base 14, what is 7b - 6274c?
-626b1
In base 2, what is -100100101000101011110111 - 0?
-100100101000101011110111
In base 10, what is -516 + -37174?
-37690
In base 13, what is cc1c - 46?
cba6
In base 5, what is -242201 + 122?
-242024
In base 12, what is -21 - 59a?
-5bb
In base 16, what is 0 - 59d99?
-59d99
In base 11, what is 316282 - -57?
316329
In base 15, what is 12807 + -37?
127c0
In base 7, what is 11 - -62320434?
62320445
In base 3, what is -200100220002 + 1?
-200100220001
In base 7, what is 1256225322 + -11?
1256225311
In base 14, what is -2 + -5c43640?
-5c43642
In base 7, what is 2 - 32505640?
-32505635
In base 3, what is -11021212 - -1222112?
-2022100
In base 6, what is 131444415 + -3?
131444412
In base 10, what is -122198 - 168?
-122366
In base 11, what is -1212 + a88?
-235
In base 9, what is -17246 + 7028?
-10217
In base 6, what is -30015544 - -105?
-30015435
In base 5, what is 11 + 11141142333?
11141142344
In base 6, what is 224401 + -12420?
211541
In base 7, what is 4 + 3256550440?
3256550444
In base 16, what is -d + 833ed5?
833ec8
In base 4, what is 3 + 2203030011303?
2203030011312
In base 7, what is 150432025 - 20?
150432005
In base 10, what is -4 - 5834584?
-5834588
In base 16, what is 0 - 12c5f0be?
-12c5f0be
In base 2, what is 1111000011 + 1010000011011000?
1010010010011011
In base 11, what is 0 - -539a50?
539a50
In base 15, what is 2c - 505bec?
-505bc0
In base 8, what is 2 - -126052662?
126052664
In base 2, what is -1100 + -101101100110011000100010?
-101101100110011000101110
In base 12, what is -b283a - -6?
-b2834
In base 5, what is 1234432 + 321432?
2111414
In base 15, what i